{"id":134,"date":"2018-05-17T06:30:09","date_gmt":"2018-05-17T06:30:09","guid":{"rendered":"http:\/\/jks-erp.de\/?page_id=134"},"modified":"2026-03-13T07:40:07","modified_gmt":"2026-03-13T07:40:07","slug":"foerderverein","status":"publish","type":"page","link":"https:\/\/jks-erp.de\/?page_id=134","title":{"rendered":"F\u00f6rderverein"},"content":{"rendered":"<h6 class=\"banner\"><span style=\"color: #000000; font-family: 'arial black', 'avant garde'; font-size: large;\">HERZLICH WILLKOMMEN&nbsp;<\/span><\/h6>\n<h6 class=\"banner\"><span style=\"color: #000000;\"><span style=\"font-family: 'arial black', 'avant garde'; font-size: large;\">beim F\u00f6rderverein&nbsp;<\/span><span style=\"font-family: 'arial black', 'avant garde'; font-size: large;\">der Janusz-Korczak Schule<\/span><\/span><\/h6>\n<div>&nbsp;<\/div>\n<div class=\"banner\">Wir sind Eltern, Lehrer und Freunde der Schule, die w\u00e4hrend ihrer Freizeit ehrenamtlich im F\u00f6rderverein t\u00e4tig sind.<\/div>\n<div class=\"banner\" align=\"justify\">Der F\u00f6rderverein erm\u00f6glicht der Schule Anschaffungen, die der Schultr\u00e4ger nicht \u00fcbernimmt. Der F\u00f6rderverein f\u00f6rdert Vorlesungen, Konzerte und regelm\u00e4\u00dfige Veranstaltungen f\u00fcr die Kinder, unterst\u00fctzt das Schulfest und die Projektwoche, stattet die Klassen mit zus\u00e4tzlichen Unterrichtsmaterialien aus, erweitert das Bewegungsangebot der&nbsp;Schule und schafft Musikinstrumente an.<\/div>\n<div class=\"banner\" align=\"justify\">Helfen Sie uns ab 1 \u20ac pro Monat (Jahresbeitrag 12 \u20ac) bei der Finanzierung weiterer Projekte oder unterst\u00fctzen Sie uns&nbsp;mit Ihrer Initiative und Ihren Ideen. Einfach Antrag ausf\u00fcllen und ihrem Kind mitgeben. Die Spenden und Mitgliedsbeitr\u00e4ge kommen den Kindern zugute.<\/div>\n<div class=\"banner\" align=\"justify\">Der Vorstand und die Beisitzer werden jedes Jahr w\u00e4hrend der Mitgliederversammlung im Herbst gew\u00e4hlt. Lassen Sie sich aufstellen und w\u00e4hlen.<\/div>\n<div align=\"justify\">&nbsp;<\/div>\n<p><a id=\"LPlnk368810\" href=\"mailto:foerder-jks-verein@web.de\" data-linkindex=\"0\">foerder-jks-verein@web.de<\/a><\/p>\n<div align=\"justify\">&nbsp;<\/div>\n<div align=\"justify\"><span style=\"font-size: 0.95em;\">Hier finden Sie die <\/span><strong style=\"font-size: 0.95em;\">Beitrittserskl\u00e4rung<\/strong><span style=\"font-size: 0.95em;\"> unseres F\u00f6rdervereins:<\/span><\/div>\n<div align=\"justify\">&nbsp;<\/div>\n<div align=\"justify\"><a href=\"http:\/\/jks-erp.de\/wp-content\/uploads\/2026\/03\/Beitrittserklaerung_Foerderverein_JKS.pdf\">Beitrittserklaerung_Foerderverein_JKS<\/a><\/div>\n<div align=\"justify\">&nbsp;<\/div>\n<div align=\"justify\"><span style=\"color: #ffffff;\">e\u00f6gk<\/span><\/div>\n<div align=\"justify\">\n<p>Hier finden Sie die <strong>Satzung<\/strong> unseres F\u00f6rdervereins<\/p>\n<p><a href=\"http:\/\/jks-erp.de\/wp-content\/uploads\/2018\/09\/Satzung.pdf\"><span style=\"color: #333399;\">Satzung<\/span><\/a><\/p>\n<p>&nbsp;<\/p>\n<\/div>\n","protected":false},"excerpt":{"rendered":"<p>HERZLICH WILLKOMMEN&nbsp; beim F\u00f6rderverein&nbsp;der Janusz-Korczak Schule &nbsp; Wir sind Eltern, Lehrer und Freunde der Schule, die w\u00e4hrend ihrer Freizeit ehrenamtlich im F\u00f6rderverein t\u00e4tig sind. Der F\u00f6rderverein erm\u00f6glicht der Schule Anschaffungen, die der Schultr\u00e4ger nicht \u00fcbernimmt. Der F\u00f6rderverein f\u00f6rdert Vorlesungen, Konzerte und regelm\u00e4\u00dfige Veranstaltungen f\u00fcr die Kinder, unterst\u00fctzt das Schulfest und die Projektwoche, stattet die Klassen mit zus\u00e4tzlichen Unterrichtsmaterialien aus, erweitert<\/p>\n","protected":false},"author":1,"featured_media":0,"parent":0,"menu_order":0,"comment_status":"closed","ping_status":"closed","template":"","meta":{"ngg_post_thumbnail":0,"footnotes":""},"class_list":["post-134","page","type-page","status-publish","hentry"],"_links":{"self":[{"href":"https:\/\/jks-erp.de\/index.php?rest_route=\/wp\/v2\/pages\/134","targetHints":{"allow":["GET"]}}],"collection":[{"href":"https:\/\/jks-erp.de\/index.php?rest_route=\/wp\/v2\/pages"}],"about":[{"href":"https:\/\/jks-erp.de\/index.php?rest_route=\/wp\/v2\/types\/page"}],"author":[{"embeddable":true,"href":"https:\/\/jks-erp.de\/index.php?rest_route=\/wp\/v2\/users\/1"}],"replies":[{"embeddable":true,"href":"https:\/\/jks-erp.de\/index.php?rest_route=%2Fwp%2Fv2%2Fcomments&post=134"}],"version-history":[{"count":19,"href":"https:\/\/jks-erp.de\/index.php?rest_route=\/wp\/v2\/pages\/134\/revisions"}],"predecessor-version":[{"id":3986,"href":"https:\/\/jks-erp.de\/index.php?rest_route=\/wp\/v2\/pages\/134\/revisions\/3986"}],"wp:attachment":[{"href":"https:\/\/jks-erp.de\/index.php?rest_route=%2Fwp%2Fv2%2Fmedia&parent=134"}],"curies":[{"name":"wp","href":"https:\/\/api.w.org\/{rel}","templated":true}]}}