{"id":200,"date":"2018-05-29T10:31:04","date_gmt":"2018-05-29T10:31:04","guid":{"rendered":"http:\/\/jks-erp.de\/?page_id=200"},"modified":"2019-09-25T08:53:40","modified_gmt":"2019-09-25T08:53:40","slug":"elternarbeit","status":"publish","type":"page","link":"https:\/\/jks-erp.de\/?page_id=200","title":{"rendered":"Elternarbeit"},"content":{"rendered":"<h3><strong>Unsere Elternarbeit<\/strong><\/h3>\n<p>Gemeinsames Arbeiten bedeutet f\u00fcr uns die Arbeit mit den Kindern und die intensive Zusammenarbeit mit den Eltern. Zusammenarbeit mit den Eltern findet bei uns auf vielen verschiedenen Ebenen statt. Sie geht von den&nbsp;<a name=\"Beratungsangebot\" title=\"Beratungsangebot\" href=\"https:\/\/web.archive.org\/web\/20161220054722\/http:\/\/jks-erp.de\/schule\/elternarbeit\/&amp;ctask=check-out&amp;ccm_token=1435500388:84443f2ac9c1c9efd9d0a36773f2498b\"><\/a>Beratungsangeboten&nbsp;\u00fcber die Arbeit in den&nbsp;Gremien, der&nbsp;Hilfe im&nbsp;Schulalltag&nbsp;bis hin zu zus\u00e4tzlichen Lernangeboten, den&nbsp;Arbeitsgemeinschaften, die teilweise von Eltern geleitet werden. Ohne die Unterst\u00fctzung der Eltern w\u00e4ren viele Angebote, die unser Schulleben bereitstellt, gar nicht m\u00f6glich. Genauso wichtig wie die Hilfe der Eltern, sind uns Meinung und Ideen der Elternschaft, damit unsere Schule ein Ort sein kann, an dem sich alle wohl- und geborgen f\u00fchlen k\u00f6nnen.<\/p>\n<h3>Beratungsangebote<\/h3>\n<p>Noch weit vor dem ersten Schultag der Kinder werden im Fr\u00fchjahr die Eltern der vierj\u00e4hrigen Kinder zu einem Informationsabend in die Schule eingeladen. Dieser Abend wird von der Schulleitung und den Leitungen der verschiedenen Kindertagesst\u00e4tten gemeinsam gestaltet. Er informiert \u00fcber M\u00f6glichkeiten der vorschulischen F\u00f6rderung der Kinder. Die notwendigen F\u00e4higkeiten und Kompetenzen die Kinder haben sollten, um erfolgreich in der Schule starten zu k\u00f6nnen, werden vorgestellt.<\/p>\n<p>Vor den Anmeldungen, die jedes Jahr im Herbst stattfinden, laden wir zum Tag der offenen T\u00fcr ein. Hier bekommen Sie Einblick in den Unterricht.Wir stehen Ihnen selbstverst\u00e4ndlich auch zur Verf\u00fcgung, um alle ihre Fragen zu beantworten.<\/p>\n<p>Bei den Anmeldungen laden wir Kind und Eltern zu einem Gespr\u00e4ch mit der Schulleitung ein. Hier versuchen wir Ihre Kinder kennenzulernen und gegebenenfalls Tipps zur weiteren F\u00f6rderung zu geben. Wir beantworten Ihre Fragen, so dass sich Ihr Kind und Sie gut bei uns aufgehoben f\u00fchlen.<\/p>\n<p>Im Fr\u00fchjahr vor der Einschulung wird ein weiterer Informationsabend f\u00fcr die Eltern angeboten. Dabei erhalten Sie wichtige Informationen \u00fcber die Arbeitsweise unserer Schule im Rahmen der Eingangsstufe, die bevorstehende Durchf\u00fchrung des Schulspiels, das weitere Prozedere bis zur Einschulung, die ben\u00f6tigten Materialien sowie ausgiebig Gelegenheit, Fragen zu stellen und sich Arbeitsmaterial in den Klassen anzusehen. Eine letzte M\u00f6glichkeit einander kennen zu lernen, bevor ihr Kind zu uns kommt, ist der Abend vor der Einschulung. Man trifft sich zu einen ersten Elternabend mit allen Eltern der Klasse und dem zuk\u00fcnftigen Klassenlehrer oder der zuk\u00fcnftigen Klassenlehrerin. Der Tag der Einschulung wird besprochen und letzte wichtige Fragen gekl\u00e4rt.<\/p>\n<p>W\u00e4hrend der kommenden vier Jahre bieten wir zweimal im Jahr Elternsprechtage an, au\u00dferdem haben sie immer die M\u00f6glichkeit, Einzeltermine mit den Lehrern zu vereinbaren.<\/p>\n<p>Informationen \u00fcber Lerninhalte und Methoden werden auf den Klassenpflegschaftssitzungen gegeben. Zu Einzelthemen wie &#8222;Leistungserziehung und Leistungsbeurteilung&#8220; (2. Schuljahr) oder &#8222;\u00dcbergang auf die weiterf\u00fchrenden Schulen&#8220; (4. Schuljahr) veranstalten wir Informationsabende.<\/p>\n<p>Im vierten Schuljahr finden Beratungsgespr\u00e4che zur Wahl der weiterf\u00fchrenden Schule statt.<\/p>\n<p>Nach den Zeugnissen stehen die Lehrerinnnen und Lehrer zur Verf\u00fcgung, falls es Fragen zu diesen gibt.<\/p>\n<div><strong>&nbsp;<\/strong><\/div>\n<h3><strong>Gremien&nbsp;&nbsp; &nbsp;<\/strong><\/h3>\n<h3><em><strong>Klassenpflegschaft&nbsp;<\/strong><\/em><\/h3>\n<p>Zweimal im Schuljahr treffen sich die Eltern einer Klasse zur Klassenpflegschaftssitzung. An diesen Sitzungen nimmt in der Regel auch die Klassenlehrerin oder der Klassenlehrer teil, der \u00fcber Lehrplan, Leistungsbeurteilung oder die geplanten Aktivit\u00e4ten der Schule informiert.&nbsp;Des Weiteren besteht die M\u00f6glichkeit, Elternanliegen zu besprechen oder Aktivit\u00e4ten der Klasse zu planen.&nbsp;Zu Schuljahresbeginn werden die Klassenpflegschaftsvorsitzenden gew\u00e4hlt.<\/p>\n<h3><em><strong>Schulpflegschaft<\/strong><\/em><\/h3>\n<p>Die Schulpflegschaft setzt sich aus den Klassenpflegschaftsvorsitzenden und deren Stellvertreter\/innen zusammen. Aus ihrer Mitte wird der oder die Schulpflegschaftsvorsitzende\/r und dessen\/deren Vertreter\/in gew\u00e4hlt.<\/p>\n<p>In der Schulpflegschaftssitzung k\u00f6nnen die Eltern ihre Anliegen diskutieren. Neue Ideen, aber auch Kritik und Probleme werden dort er\u00f6rtert. Von Seiten der Schulleitung werden die Schulpflegschaftssitzungen dazu genutzt, Informationen an die Eltern weiterzugeben. Wichtige schulische Entscheidungen, z.B. Klassenfahrten, Ausfl\u00fcge, Anschaffungen, werden hier beraten. Bei der Organisation von Schulfesten, Sportfesten, Aktionstagen oder Projektwochen arbeitet die Schulpflegschaft eng mit dem F\u00f6rderverein zusammen. Die Mitglieder der Schulpflegschaft w\u00e4hlen sechs Elternvertreter f\u00fcr die Schulkonferenz.<\/p>\n<p><a href=\"Mailto:schulpflegschaft@jks-erp.de\">schulpflegschaft@jks-erp.de<\/a><\/p>\n<h3><em><strong>Schulkonferenz<\/strong><\/em><\/h3>\n<p>Die Schulkonferenz ist das oberste Entscheidungsgremium der Schule. Sie setzt sich bei einer Schule unserer Gr\u00f6\u00dfe aus sechs Eltern- und sechs Lehrervertreter\/innen sowie der Schulleitung zusammen. Alle Entscheidungen, bei denen Elternmitbestimmung m\u00f6glich ist, werden in der Schulkonferenz getroffen. Eltern- und Lehrerstimme haben das gleiche Gewicht.<\/p>\n<h3><strong>Hilfe im Schulalltag<\/strong><\/h3>\n<p>Das Schulleben an der Janusz- Korczak- Schule hat viele feste Elemente, die ohne die Hilfe der Eltern gar nicht vorhanden w\u00e4ren. Eltern helfen beim gesunden Fr\u00fchst\u00fcck, f\u00f6nen w\u00f6chentlich die Kinder des ersten und zweiten Schuljahres nach dem Schwimmunterricht, engagieren sich bei den verschiedensten Festen, unterst\u00fctzen die Ausfl\u00fcge der Klassen, kommen als Experten in den Unterricht, begleiten die Martinsz\u00fcge, f\u00fchren bei der alle zwei Jahre stattfindenden Projektwoche eigene Projekte durch und stehen uns und den Kindern bei vielen anderen Gelegenheiten zur Seite. Wir sind unendlich dankbar f\u00fcr so viele flei\u00dfige Menschen und freuen uns \u00fcber jede noch so kleine Unterst\u00fctzung, die vor allem dem Wohlf\u00fchlen und Lernen der Kinder zu Gute kommt. Dabei ist uns stets bewusst, dass nicht jeder helfen kann. Wenn Sie Ideen haben wie Sie uns unter die Arme greifen k\u00f6nnen, sprechen Sie uns bitte an.<\/p>\n<p>Viel Unterst\u00fctzung bekommt unsere Schule auch durch den F\u00f6rderverein, der sich \u00fcber jedes Mitglied freut. Auch hier kann jeder mitmachen.<\/p>\n<h3><strong>Arbeitsgemeinschaften<\/strong><\/h3>\n<div>Das breit gef\u00e4cherte Angebot an freiwilligen Arbeitsgemeinschaften bereichert unser Schulleben und bietet vielf\u00e4ltige F\u00f6rderm\u00f6glichkeiten entsprechend der Interessen und Begabungen der Kinder. Arbeitsgemeinschaften werden von Eltern, Lehrer\/innen und Vereinen angeboten. Die meisten Arbeitsgemeinschaften werden f\u00fcr die Kinder ab dem dritten Schuljahr angeboten.<\/div>\n","protected":false},"excerpt":{"rendered":"<p>Unsere Elternarbeit Gemeinsames Arbeiten bedeutet f\u00fcr uns die Arbeit mit den Kindern und die intensive Zusammenarbeit mit den Eltern. Zusammenarbeit mit den Eltern findet bei uns auf vielen verschiedenen Ebenen statt. Sie geht von den&nbsp;Beratungsangeboten&nbsp;\u00fcber die Arbeit in den&nbsp;Gremien, der&nbsp;Hilfe im&nbsp;Schulalltag&nbsp;bis hin zu zus\u00e4tzlichen Lernangeboten, den&nbsp;Arbeitsgemeinschaften, die teilweise von Eltern geleitet werden. Ohne die Unterst\u00fctzung der Eltern w\u00e4ren viele Angebote,<\/p>\n","protected":false},"author":1,"featured_media":0,"parent":0,"menu_order":0,"comment_status":"closed","ping_status":"closed","template":"","meta":{"ngg_post_thumbnail":0,"footnotes":""},"class_list":["post-200","page","type-page","status-publish","hentry"],"_links":{"self":[{"href":"https:\/\/jks-erp.de\/index.php?rest_route=\/wp\/v2\/pages\/200","targetHints":{"allow":["GET"]}}],"collection":[{"href":"https:\/\/jks-erp.de\/index.php?rest_route=\/wp\/v2\/pages"}],"about":[{"href":"https:\/\/jks-erp.de\/index.php?rest_route=\/wp\/v2\/types\/page"}],"author":[{"embeddable":true,"href":"https:\/\/jks-erp.de\/index.php?rest_route=\/wp\/v2\/users\/1"}],"replies":[{"embeddable":true,"href":"https:\/\/jks-erp.de\/index.php?rest_route=%2Fwp%2Fv2%2Fcomments&post=200"}],"version-history":[{"count":9,"href":"https:\/\/jks-erp.de\/index.php?rest_route=\/wp\/v2\/pages\/200\/revisions"}],"predecessor-version":[{"id":1086,"href":"https:\/\/jks-erp.de\/index.php?rest_route=\/wp\/v2\/pages\/200\/revisions\/1086"}],"wp:attachment":[{"href":"https:\/\/jks-erp.de\/index.php?rest_route=%2Fwp%2Fv2%2Fmedia&parent=200"}],"curies":[{"name":"wp","href":"https:\/\/api.w.org\/{rel}","templated":true}]}}